{"id":1098,"date":"2013-12-09T11:16:49","date_gmt":"2013-12-09T10:16:49","guid":{"rendered":"http:\/\/s332084703.mialojamiento.es\/Blogs2018\/Artisticas\/wordpress\/?page_id=1098"},"modified":"2016-12-27T23:48:15","modified_gmt":"2016-12-27T22:48:15","slug":"acceso-universidad-de-zaragoza","status":"publish","type":"page","link":"http:\/\/artisticas.blogscolegioromareda.com\/?page_id=1098","title":{"rendered":"ACCESO UNIVERSIDAD ZARAGOZA"},"content":{"rendered":"<p><span style=\"color: #0000ff;\"><strong><span style=\"text-decoration: underline;\"><span style=\"color: #0000ff; text-decoration: underline;\">ORIENTACI\u00d3N DE LOS EJERCICIOS PARA LA PAU 13<\/span><\/span><\/strong><\/span><\/p>\n<h4><strong style=\"font-size: 1.4em;\"><a href=\"http:\/\/wzar.unizar.es\/servicios\/acceso\/accespau\/infor\/calcu.html\" rel=\"nofollow\" target=\"_blank\">PRUEBA DE ACCESO A LA UNIVERSIDAD<\/a>. 2013<\/strong><\/h4>\n<div><a href=\"http:\/\/wzar.unizar.es\/servicios\/acceso\/docum\/pau.pdf\" rel=\"nofollow\" target=\"_blank\">Folleto informativo<\/a><\/div>\n<div><a href=\"http:\/\/wzar.unizar.es\/servicios\/acceso\/accespau\/infor\/indic.html\" rel=\"nofollow\" target=\"_blank\">INDICACIONES GENERALES<\/a><\/div>\n<div><span style=\"font-family: verdana, sans-serif;\"><strong><a href=\"http:\/\/wzar.unizar.es\/servicios\/acceso\/accespau\/infor\/calen.html\" rel=\"nofollow\" target=\"_blank\">CONVOCATORIA<\/a>\u00a0<\/strong><\/span><span style=\"font-family: verdana, sans-serif;\"><strong>: \u00a0<\/strong><\/span><span style=\"font-family: verdana, sans-serif;\"><strong>(Dibujo T\u00e9cnico II:\u00a0<\/strong><\/span><span style=\"font-size: small;\">)<\/span><\/div>\n<div><span style=\"font-family: verdana, sans-serif;\"><strong>\u00a0\u00a0 \u00a0\u00a0\u00a0 \u00a0\u00a0\u00a0 \u00a0\u00a0\u00a0 \u00a0\u00a0\u00a0 \u00a0\u00a0\u00a0 \u00a0\u00a0\u00a0 \u00a0\u00a0\u00a0 \u00a011, 12 y 13 JUNIO:\u00a0<\/strong><\/span><\/div>\n<div><span style=\"font-family: verdana, sans-serif;\"><strong>\u00a0\u00a0 \u00a0\u00a0\u00a0 \u00a0\u00a0\u00a0 \u00a0\u00a0\u00a0 \u00a0\u00a0\u00a0 \u00a0\u00a0\u00a0 \u00a0\u00a0\u00a0 \u00a0 \u00a0\u00a0\u00a010, 11 y 12 SEPTIEMBRE:\u00a0<\/strong><\/span><\/div>\n<div><\/div>\n<h4><strong><span style=\"color: #ff0000;\"><em><span style=\"font-size: 1.4em; line-height: 1.5em;\">TITULACIONES UNIVERSIDAD DE ZARAGOZA. 12-13<\/span><\/em><\/span><\/strong><\/h4>\n<div><span style=\"font-family: verdana, sans-serif;\"><strong><strong><span style=\"color: #000000; font-family: Arial, sans-serif;\"><a href=\"http:\/\/wzar.unizar.es\/servicios\/primer\/1ofert\/folleto.pdf\" rel=\"nofollow\" target=\"_blank\">Folleto informativo<\/a><\/span><\/strong><\/strong><\/span><\/div>\n<div><strong><a href=\"http:\/\/wzar.unizar.es\/servicios\/primer\/1ofert\/grados.htm\" rel=\"nofollow\" target=\"_blank\">GRADOS OFERTADOS<\/a><span style=\"font-size: xx-small;\">\u00a0<\/span><\/strong><span style=\"font-size: xx-small;\">(<\/span><span style=\"font-size: xx-small;\">acceso a los pdf\u00a0informativos de cada grado)<\/span><strong>\u00a0y\u00a0<a href=\"http:\/\/wzar.unizar.es\/servicios\/acceso\/docum\/ofplz11_12.pdf\" rel=\"nofollow\" target=\"_blank\">n\u00famero de plazas<\/a>\u00a0en cada uno.\u00a0<\/strong><\/div>\n<div><strong><a href=\"http:\/\/wzar.unizar.es\/servicios\/maste\/masteofert\/detal.html\" rel=\"nofollow\" target=\"_blank\">M\u00e1steres universitarios.<\/a><\/strong><\/div>\n<div><strong><a href=\"http:\/\/titulaciones.unizar.es\/\" rel=\"nofollow\" target=\"_blank\">OFERTA DE TITULACIONES EN LA UNIVERSIDAD DE ZARAGOZA<\/a>\u00a0<\/strong>[informaci\u00f3n completa con detalle y contenido de asignaturas]<\/div>\n<div><span style=\"font-family: verdana, sans-serif;\"><a href=\"https:\/\/gestiona.unizar.es\/servicio\/acceso\/espera.htm\" rel=\"nofollow\" target=\"_blank\">NOTAS DE CORTE (listas de espera)<\/a>\u00a0<a href=\"http:\/\/wzar.unizar.es\/servicios\/acceso\/admisgrado\/corte\/grado12_13.pdf\" rel=\"nofollow\" target=\"_blank\">y en PDF<\/a><\/span><\/div>\n<div><\/div>\n<div><strong><a href=\"http:\/\/www.unizar.es\/innovacion\/calidad\/normas_permanencia.html\" rel=\"nofollow\" target=\"_blank\">Normas de permanencia<\/a><\/strong><\/div>\n<div><span style=\"font-family: verdana, sans-serif;\"><br \/>\n<\/span><\/div>\n<div>Par\u00e1metros de ponderaci\u00f3n:\u00a0<a href=\"http:\/\/wzar.unizar.es\/servicios\/acceso\/norma\/acuer20100527.pdf\" rel=\"nofollow\" target=\"_blank\">2012<\/a>,\u00a0<a href=\"http:\/\/wzar.unizar.es\/servicios\/acceso\/norma\/ponder2014.pdf\" rel=\"nofollow\" target=\"_blank\">2014<\/a><\/div>\n<div><\/div>\n<h3><a name=\"TOC-Estructura-de-la-prueba-de-Dibujo-T-cnico\"><\/a><\/h3>\n<h3><span style=\"text-decoration: underline; color: #ff0000;\"><strong>Estructura de la prueba de Dibujo T\u00e9cnico<\/strong><\/span><\/h3>\n<p><span style=\"color: #073763; font-family: verdana;\"><strong><strong><strong><a href=\"http:\/\/wzar.unizar.es\/servicios\/acceso\/accespau\/progr\/dibujtecniii.pdf\" rel=\"nofollow\" target=\"_blank\">PROGRAMA DE LA ASIGNATURA<\/a><\/strong><\/strong><\/strong><\/span><\/p>\n<ul>\n<li><strong style=\"font-size: 16px;\"><strong><strong>FASE GENERAL<\/strong>: <\/strong><\/strong><span style=\"font-size: 16px;\">Dos ex\u00e1menes diferentes A y B, a\u00a0elegir uno de ellos,\u00a0con tres cuestiones en cada uno. Duraci\u00f3n 90 minutos.<\/span><\/li>\n<li><strong style=\"font-size: 16px;\">FASE ESPEC\u00cdFICA<\/strong><span style=\"font-size: 16px;\">:\u00a0Dos ex\u00e1menes diferentes A y B, a\u00a0elegir uno de ellos,\u00a0con tres cuestiones en cada uno. Duraci\u00f3n 90 minutos.<\/span><\/li>\n<\/ul>\n<ul>\n<li><strong style=\"font-size: 16px;\">CUESTIONES<\/strong><span style=\"font-size: 16px;\">: Har\u00e1n referencia a las siguientes materias del\u00a0temario:<\/span><\/li>\n<\/ul>\n<blockquote>\n<ol>\n<li><span style=\"font-size: 16px;\">Geometr\u00eda m\u00e9trica y proyectiva.<br \/>\nPerspectivas isom\u00e9trica, caballera y c\u00f3nica.<\/span><\/li>\n<li><span style=\"font-size: 16px;\">Geometr\u00eda descriptiva: sistema di\u00e9drico.<\/span><\/li>\n<li><span style=\"font-size: 16px;\">Croquis acotado de una pieza.<\/span><\/li>\n<\/ol>\n<\/blockquote>\n<p><strong>CRITERIOS DE CORRECCI\u00d3N<\/strong>:<\/p>\n<address><em><span style=\"font-family: verdana, sans-serif;\"><strong>Cuesti\u00f3n 1: Geometr\u00eda m\u00e9trica y proyectiva. Perspectivas: 3 puntos<\/strong><\/span><\/em><\/address>\n<address style=\"padding-left: 30px;\"><span style=\"font-family: verdana, sans-serif;\">\u00b7 Exactitud en la soluci\u00f3n: <span style=\"color: #3366ff;\">hasta 1,5 puntos<\/span><\/span><span style=\"font-family: verdana, sans-serif;\"><br \/>\n<\/span><span style=\"font-family: verdana, sans-serif;\">\u00b7 Elecci\u00f3n de las construcciones adecuadas: <span style=\"color: #3366ff;\">hasta 1 punto<\/span><\/span><span style=\"font-family: verdana, sans-serif;\"><br \/>\n<\/span><span style=\"font-family: verdana, sans-serif;\">\u00b7 Delineaci\u00f3n y limpieza: <span style=\"color: #3366ff;\">hasta 0,5 puntos<\/span><\/span><\/address>\n<address><em><span style=\"font-family: verdana, sans-serif;\"><strong>Cuesti\u00f3n 2: Geometr\u00eda descriptiva: sistema di\u00e9drico: 3 puntos<\/strong><\/span><\/em><\/address>\n<address style=\"padding-left: 30px;\"><span style=\"font-family: verdana, sans-serif;\">\u00b7 Exactitud en la soluci\u00f3n: <span style=\"color: #3366ff;\">hasta 1,5 puntos<\/span><\/span><span style=\"font-family: verdana, sans-serif;\"><br \/>\n<\/span><span style=\"font-family: verdana, sans-serif;\">\u00b7 Elecci\u00f3n de las construcciones adecuadas:<span style=\"color: #3366ff;\"> hasta 1 punto<\/span><\/span><span style=\"font-family: verdana, sans-serif;\"><br \/>\n<\/span><span style=\"font-family: verdana, sans-serif;\">\u00b7 Delineaci\u00f3n y limpieza:<span style=\"color: #3366ff;\"> hasta 0,5 puntos<\/span><\/span><\/address>\n<address><em><span style=\"font-family: verdana, sans-serif;\"><strong>Cuesti\u00f3n 3: Croquis acotado de una pieza: 4 puntos<\/strong><\/span><\/em><\/address>\n<address style=\"padding-left: 30px;\"><span style=\"font-family: verdana, sans-serif;\">\u00b7 Elecci\u00f3n, n\u00famero y disposici\u00f3n de las vistas: <span style=\"color: #3366ff;\">hasta 0,5 puntos<\/span><\/span><span style=\"font-family: verdana, sans-serif;\"><br \/>\n<\/span><span style=\"font-family: verdana, sans-serif;\">\u00b7 Definici\u00f3n de las geometr\u00edas (vistas\/ocultas): <span style=\"color: #3366ff;\">hasta 1,5 puntos<\/span><\/span><span style=\"font-family: verdana, sans-serif;\"><br \/>\n<\/span><span style=\"font-family: verdana, sans-serif;\">\u00b7 Acotaci\u00f3n de las geometr\u00edas que forman la pieza: <span style=\"color: #3366ff;\">hasta 1,5\u00a0puntos<\/span><\/span><span style=\"font-family: verdana, sans-serif;\"><br \/>\n<\/span><span style=\"font-family: verdana, sans-serif;\">\u00b7 Delineaci\u00f3n y limpieza: <span style=\"color: #3366ff;\">hasta 0,5 puntos<\/span><\/span><\/address>\n<address style=\"padding-left: 30px;\">\u00a0<\/address>\n<h4><strong style=\"font-size: 1.4em;\"><a href=\"http:\/\/wzar.unizar.es\/servicios\/acceso\/accespau\/exame\/exame.html\" rel=\"nofollow\" target=\"_blank\"><span style=\"color: #ff0000;\">Ex\u00e1menes de convocatorias anteriores<\/span><\/a><span style=\"color: #ff0000;\">\u00a0<\/span><\/strong><span style=\"color: #ff0000;\">(enlace a la p\u00e1gina de la universidad)<\/span><\/h4>\n<p>Es preciso seleccionar primero la convocatoria y despu\u00e9s la materia.<\/p>\n","protected":false},"excerpt":{"rendered":"<p>ORIENTACI\u00d3N DE LOS EJERCICIOS PARA LA PAU 13 PRUEBA DE ACCESO A LA UNIVERSIDAD. 2013 Folleto informativo INDICACIONES GENERALES CONVOCATORIA\u00a0: \u00a0(Dibujo T\u00e9cnico II:\u00a0) \u00a0\u00a0 \u00a0\u00a0\u00a0 \u00a0\u00a0\u00a0 \u00a0\u00a0\u00a0 \u00a0\u00a0\u00a0 \u00a0\u00a0\u00a0 \u00a0\u00a0\u00a0 \u00a0\u00a0\u00a0 \u00a011, 12 y 13 JUNIO:\u00a0 \u00a0\u00a0 \u00a0\u00a0\u00a0 \u00a0\u00a0\u00a0 \u00a0\u00a0\u00a0 \u00a0\u00a0\u00a0 \u00a0\u00a0\u00a0 \u00a0\u00a0\u00a0 \u00a0 \u00a0\u00a0\u00a010, 11 y 12 SEPTIEMBRE:\u00a0 TITULACIONES UNIVERSIDAD DE ZARAGOZA. 12-13 Folleto &hellip; <a href=\"http:\/\/artisticas.blogscolegioromareda.com\/?page_id=1098\" class=\"more-link\">Continuar leyendo<span class=\"screen-reader-text\"> \u00abACCESO UNIVERSIDAD ZARAGOZA\u00bb<\/span><\/a><\/p>\n","protected":false},"author":1,"featured_media":0,"parent":24,"menu_order":5,"comment_status":"closed","ping_status":"closed","template":"onecolumn-page.php","meta":[],"_links":{"self":[{"href":"http:\/\/artisticas.blogscolegioromareda.com\/index.php?rest_route=\/wp\/v2\/pages\/1098"}],"collection":[{"href":"http:\/\/artisticas.blogscolegioromareda.com\/index.php?rest_route=\/wp\/v2\/pages"}],"about":[{"href":"http:\/\/artisticas.blogscolegioromareda.com\/index.php?rest_route=\/wp\/v2\/types\/page"}],"author":[{"embeddable":true,"href":"http:\/\/artisticas.blogscolegioromareda.com\/index.php?rest_route=\/wp\/v2\/users\/1"}],"replies":[{"embeddable":true,"href":"http:\/\/artisticas.blogscolegioromareda.com\/index.php?rest_route=%2Fwp%2Fv2%2Fcomments&post=1098"}],"version-history":[{"count":10,"href":"http:\/\/artisticas.blogscolegioromareda.com\/index.php?rest_route=\/wp\/v2\/pages\/1098\/revisions"}],"predecessor-version":[{"id":4964,"href":"http:\/\/artisticas.blogscolegioromareda.com\/index.php?rest_route=\/wp\/v2\/pages\/1098\/revisions\/4964"}],"up":[{"embeddable":true,"href":"http:\/\/artisticas.blogscolegioromareda.com\/index.php?rest_route=\/wp\/v2\/pages\/24"}],"wp:attachment":[{"href":"http:\/\/artisticas.blogscolegioromareda.com\/index.php?rest_route=%2Fwp%2Fv2%2Fmedia&parent=1098"}],"curies":[{"name":"wp","href":"https:\/\/api.w.org\/{rel}","templated":true}]}}